. Let c = -8 - z. Suppose -2*r = c*h - 49 + 7, -20 = -5*h. What are the prime factors of r?
17
Let z(o) be the third derivative of o**5/30 - 7*o**4/24 + o**3/3 - 2*o**2. Suppose -4*p = -a + 2 - 5, a = -5*p + 15. What are the prime factors of z(a)?
17
Let c = 78 - 43. Let z be 6/4*(0 + 2). Suppose -z*f - 2*f = -c. List the prime factors of f.
7
Suppose 0 = -5*p - z + 193, 3*z - z - 35 = -p. List the prime factors of p.
3, 13
Suppose 12*v - 8*v - 1704 = 0. Let a = v + -240. What are the prime factors of a?
2, 3, 31
Let v(t) = 1152*t**3 + 6*t**2 - 5*t. List the prime factors of v(1).
1153
Let w(j) = -41*j + 25. What are the prime factors of w(-18)?
7, 109
Let n be 0 - (0 - 1*15). Suppose -12 = 4*w, -2*w = -0*p - 4*p - 22. Let s = n + p. What are the prime factors of s?
2
Suppose 2*i + 0*i = 4. Let u be (i + -4 - -3) + 0. Let b(v) = 11*v**2 - v. What are the prime factors of b(u)?
2, 5
Let u = 198 + -58. What are the prime factors of u?
2, 5, 7
Suppose -15 = -3*g, -g + 35 = 5*l + 3*g. Suppose -3 = -l*p + 3. List the prime factors of (-4)/(24/(-15))*p.
5
Suppose -184 = -4*a - 0*a. Suppose 3 = -3*q + 39. Let y = a - q. What are the prime factors of y?
2, 17
Let c = 0 - 3. Let l(y) = -y**2 - 3*y + 4. Let h be l(c). Suppose -4*s = 5*f - 53, 3*f + f + 8 = h*s. What are the prime factors of s?
7
Suppose 0 = 4*w - 2130 - 190. What are the prime factors of w?
2, 5, 29
Suppose 3*q = 2*q + 23. Suppose 0 = -3*s + 21*s - 36. List the prime factors of s - -1 - (-1 - q).
3
Let j(q) = -62*q**2. Let a be j(-1). Let b = -41 - a. List the prime factors of b.
3, 7
Let l(i) = i**2 + 7*i + 7. Let k be l(-6). Suppose 2*h - 3 = k. Let s = h - -6. What are the prime factors of s?
2
Suppose 0 = 2*j + 5*f + 262, -5*j + 2*f - 92 = 592. Let p = 373 + j. What are the prime factors of p?
3, 79
Suppose 5*x = -24 + 74. Let y(d) = d**2 - 6*d - 9. Let b be y(x). Let o = 51 - b. What are the prime factors of o?
2, 5
Suppose 0 = 42*c - 118739 - 53545. List the prime factors of c.
2, 7, 293
Suppose 6*s = s - 3*f + 13546, 0 = -2*s + 3*f + 5431. What are the prime factors of s?
2711
Let w = 5507 - 3239. List the prime factors of w.
2, 3, 7
Let d(j) = -33 + 4*j + j**3 + 65 - j + 2*j**2 - 38. List the prime factors of d(4).
2, 3, 17
Let l(v) = 19*v**2 + 3*v - 2. Let t be l(1). Suppose -t*c = 74 - 434. List the prime factors of c.
2, 3
Let w(p) = -p**3 - 5*p**2 + p + 7. Let d be w(-5). Let f(a) = a - 5 - 5*a**d - 10 + 4*a**2 + 14*a. List the prime factors of f(10).
5, 7
Let l(r) = -285*r + 45. Let v(i) = -13*i + 2. Let g(h) = 2*l(h) - 45*v(h). List the prime factors of g(1).
3, 5
Suppose 3*t + 2*t - 1720 = 0. What are the prime factors of t?
2, 43
Let u = 7548 - 1776. List the prime factors of u.
2, 3, 13, 37
Let i(y) = -y**2 - 5*y + 4. Let t be i(-7). Let x(d) = -d**2 - 14*d + 14. List the prime factors of x(t).
2, 3
Suppose 0*t - 5 = -4*w + 5*t, 5*t - 30 = -3*w. Let u(o) = -o**2 + 4*o + 4. Let c be u(w). List the prime factors of 30 - ((5 - 2) + c).
2, 7
Suppose 0 = -b + 5*x + 191, 3*x + 5 - 2 = 0. Suppose 28*q + b = 30*q. What are the prime factors of q?
3, 31
Suppose 4*k = -4*v + 7704, 2*v = 78*k - 82*k + 3858. What are the prime factors of v?
3, 641
Suppose 0 = -4*j - 5*l - 41 + 3, -4 = 2*l. Let f be (-4)/j*(-7)/(-2). What are the prime factors of f/(-9) + 526/18?
29
Suppose -27*j = -20*j - 11816. What are the prime factors of j?
2, 211
Suppose -20*p + 4752 = -2*p. Suppose 0 = 6*i - 840 - p. List the prime factors of i.
2, 23
Suppose 44 = -4*z + 4*h, -2*z - 40 + 12 = 4*h. List the prime factors of (-708)/(-14) + z/(-28).
3, 17
Suppose -4*v = 3*a - 6135, 2*v - 32*a = -27*a + 3035. List the prime factors of v.
2, 3, 5, 17
Suppose -27 = -q - 2*q. Let a(g) = -9 - g**2 + 11*g - g**3 + 11*g**2 - 17*g. What are the prime factors of a(q)?
2, 3
Let l(z) = -20*z**2 + 149*z**2 + 181*z**2 + 1. What are the prime factors of l(-1)?
311
Let c = -6154 - -10795. What are the prime factors of c?
3, 7, 13, 17
Let j(d) = 4*d - 2*d + 3*d - 12 - 6*d. Let h be j(-14). Suppose 3*c + 12 = 5*f - 95, 0 = h*f + 4*c - 48. List the prime factors of f.
2, 11
Let l be 60/45*(-6)/(-4). Suppose l*w + 2*a = -2*w + 350, 4*a = 12. List the prime factors of w.
2, 43
Let f = -153 - -160. What are the prime factors of 1939/f + -2 + -2?
3, 7, 13
Let d(c) = -c**2 + 74*c - 383. List the prime factors of d(50).
19, 43
Suppose -4*x = 8 - 32. Let k(f) = -f**2 + 13*f - 6. List the prime factors of k(x).
2, 3
Let q be (-5)/(-3) + 16/12. Suppose 4*b - 597 = -q*d, -5*b + 3*b + d = -301. List the prime factors of b.
2, 3, 5
Let a be ((-9)/18)/(3/(-12)). What are the prime factors of (2/(-6))/(a/(-282))?
47
Let g = 73 + -72. Let f(h) = 143*h + 2. List the prime factors of f(g).
5, 29
Suppose -2*b + 4*b = 0. Suppose b*l + 237 = 3*l. Suppose -5*n + 13 = -3*z + 56, -3*z - 4*n + l = 0. What are the prime factors of z?
3, 7
Suppose 2*t + 256 = -2*t. Let l = 128 + t. List the prime factors of l.
2
Let v(z) = z**3 + 14*z**2 - 37*z + 27. What are the prime factors of v(-14)?
5, 109
Suppose 5*h - 1370 = 1500. List the prime factors of h.
2, 7, 41
Let j be -4 + (2 - (-4 - -1)). Let i be 70/((-1)/j*-2). Suppose 4*y = t + 72, -y - 3*t + i = t. List the prime factors of y.
19
What are the prime factors of (18306/(-54))/((-2)/2)?
3, 113
Let k = -29 - -36. Suppose k*a - 14 = 6*a. List the prime factors of a.
2, 7
Let f = -162 - -587. List the prime factors of f.
5, 17
Let v(p) = -3*p**3 - 6*p**2 - 3*p - 3. Let c be v(-5). Suppose -39 = -3*s + c. Suppose -s = -2*g - 2*g. What are the prime factors of g?
23
Let k(m) = -28*m + 2. Let g(h) = h**2 + 6*h - 5. Let z be g(-6). What are the prime factors of k(z)?
2, 71
Let g = -26 + 9. Let s = -21 - g. What are the prime factors of s/1 + 32 + -1?
3
Let o(m) = -6*m**3 - 2*m**2 + m - 2. Let v = -9 - -7. What are the prime factors of o(v)?
2, 3
Let g = 9 - 9. Suppose 3*a + m = -9, -a + 3*m + m - 16 = g. Let h(r) = -r**3 - 4*r**2 - 4*r - 5. List the prime factors of h(a).
11
Let k = 0 - 14. Let o = 4 + k. Let n(i) = -i**2 - 13*i - 6. What are the prime factors of n(o)?
2, 3
Suppose -4 = -2*p + 2*b + 16, 5*p = 2*b + 41. Suppose -2*v + p = -73. List the prime factors of 24/v - 64/(-10).
7
Let x(r) = 7*r - 2. Let f be x(1). Suppose 0*g - 181 = -d + f*g, -2*d + 348 = -3*g. Suppose 5*l - d = -6. What are the prime factors of l?
3, 11
Suppose 0 = 3*n - n. Suppose 3*z - 5*z + 230 = n. What are the prime factors of z?
5, 23
Suppose -t - 4*m + 3362 - 93 = 0, 0 = -4*t + m + 13144. What are the prime factors of t?
3, 5, 73
What are the prime factors of 6976/20 - 12/(-10)?
2, 5, 7
Let m(o) = -3 - 5*o**2 - 5*o**2 - 8*o - o**2 - o**3 - 5*o. Let y be m(-9). List the prime factors of (y/(-28))/(6/28).
2
Let x = -77 + 85. Let w = 45 + x. List the prime factors of w.
53
Suppose 0 = 14*m - 27330 - 29958. What are the prime factors of m?
2, 3, 11, 31
Suppose 0 = -2*x - 10, -5*z + 54 - 14 = -5*x. Suppose 3*g = -z*g + 762. What are the prime factors of g?
127
Suppose 559 = -8*h + 6119. What are the prime factors of h?
5, 139
Suppose -k = -t - 3*t - 480, 2*k + 2*t - 960 = 0. What are the prime factors of k?
2, 3, 5
Let r(j) = 25*j - 13. Let o be r(7). Let t = o + -74. Suppose -4*i = -72 - t. List the prime factors of i.
2, 5
Suppose 4*m - m = 2*j + 485, -3*m + j + 481 = 0. What are the prime factors of m?
3, 53
Suppose -9*h + 5*h - 2092 = -4*o, 0 = -3*o - h + 1573. List the prime factors of o.
2, 131
Suppose 0 = 4*k + 2 + 38. Let c = k + 13. Suppose 0 = -c*h + 2*h + 27. List the prime factors of h.
3
Suppose 0 = -4*x - 2*g - 12, -3*g + g - 3 = x. List the prime factors of ((-592)/48)/(1/x).
37
Let n(i) = -393*i - 175. What are the prime factors of n(-13)?
2, 2467
Suppose 11*c - 6 = 9*c. Suppose 3*k = o - c*o + 248, 5*k - 411 = -o. What are the prime factors of k?
2, 41
What are the prime factors of ((-648)/(-10))/(74/1295)?
2, 3, 7
Let a = 174 - -502. List the prime factors of a.
2, 13
Let w be 2/1 - (-135 - -2). Let q = -65 + w. Suppose -3*l + 5*l - q = 0. What are the prime factors of l?
5, 7
Suppose 415*o + 49490 = 429*o. What are the prime factors of o?
5, 7, 101
Suppose -10*j + 968 = -482. Suppose -3*w + 2*r - 168 = -595, 0 = w + 2*r - j. What are the prime factors of w?
11, 13
Suppose 3092 = 7*t - 2515. List the prime facto